nd derivative of -1/6*m**3 + 0 + m - 1/2*m**c. Determine k(5).
-6
Suppose 0 = 2*y - 0*z + z - 14, y + 11 = 4*z. Suppose -5*n = y*r + 2 - 22, 0 = -3*n. Let h(f) = -f**3 + 5*f**2 - 6*f + 2. What is h(r)?
-6
Suppose 0*f + 6 = 2*f. Let y(n) = -2*n + f + 3*n + 2. Let q = -22 + 18. Calculate y(q).
1
Let c be (-5 + 7)*9/(-6)*-1. Let k(l) be the second derivative of 0 - l + 1/6*l**c + 4*l**2. Calculate k(0).
8
Let m = 3 + -1. Let f(z) = 0*z + z - 3 + z**m - 4 - 5*z. What is f(5)?
-2
Let i = 11 + -8. Suppose -i*d = -2*d. Let l(s) = -3*s**2 - 3*s + 4. Let u(y) = -16*y**2 - 16*y + 19. Let k(j) = 11*l(j) - 2*u(j). Give k(d).
6
Suppose 1 = -3*g + 13. Suppose -g*s + 1 = -7. Let c(j) = -4*j**2 - 6*j + 3*j**s + 0*j - 5. Determine c(-4).
3
Let v(b) = -2*b - 11. Let q(w) = -12*w + 61. Let f be q(6). Determine v(f).
11
Let h be 11/((-3 + 5)/(-2)). Let f = -7 - h. Let w(z) = -z**3 + 5*z**2 - 4*z - 2. Give w(f).
-2
Let d = 7 + -5. Suppose -4*s = -4*w - 16, -5*w - s - 8 = -d*w. Let i(g) = -g**3 - 4*g**2 - 5*g - 2. What is i(w)?
4
Suppose 0 = -4*d - 8 - 4. Let w(v) = -1 + v**3 - 3*v - 5*v + 13*v - 7*v + 3*v**2. What is w(d)?
5
Let h(a) = -a**2 + 9*a - 7. Suppose 8*n + 8 = 9*n. Calculate h(n).
1
Let p(i) be the third derivative of -i**4/24 + 5*i**3/6 - i**2. Suppose -b - 5*m = 3*b - 29, 0 = 3*b - 4*m + 17. Let c = b - 1. What is p(c)?
5
Let w(u) = -3*u**2 - 5*u + 3. Let d(t) = 2*t**2 + 4*t - 2. Let q(r) = 4*d(r) + 3*w(r). What is q(-1)?
-1
Let o(p) = 17*p + 11. Let c(w) be the first derivative of -4*w**2 - 5*w - 4. Let r(j) = -13*c(j) - 6*o(j). Calculate r(2).
3
Suppose -4*q + 6*l - 2*l = 0, 3*l = -4*q. Suppose 2*i - 4*t - 24 = q, -3*t = 3*i - 2*t - 1. Let u be 2 + (i - (-1 - -5)). Let m(c) = -c - 1. Calculate m(u).
-1
Let o(h) be the first derivative of 2*h**2 - 2*h - 13. What is o(2)?
6
Let g(w) = -w**2 - 5*w + 2. Let x be g(-4). Let u(z) = z**2 - 8*z + 9. Give u(x).
-3
Let s(c) = -c**2 - 4*c + 9. Let b be s(-5). Suppose -b = -d - 1. Let n(i) = -i**2 + 3*i + 2. Determine n(d).
2
Let u(c) = -c - 1. Suppose y - 2*y = -3*v + 8, 2*y = -v - 9. Calculate u(y).
4
Let k(j) = j**3 + 4*j**2 + j + 2. Let b be (0 + 8/6)*3. Let s be -2 + 0 + 2 - b. Give k(s).
-2
Let s(z) = -15*z + 21. Let a(b) = 7*b - 10. Let g(h) = -9*a(h) - 4*s(h). Calculate g(4).
-6
Let q(o) = -o**2 + 5*o + 6. Let x be -3*(1 - 2) + -10 + 12. Give q(x).
6
Suppose 3*x = -4*a + 30, 4*a + 2*x - 22 = 3*x. Let t be (-10)/6 + a/(-18). Let w(p) = 2*p - 1. What is w(t)?
-5
Let u(s) = -s**3 - 5*s**2 + 7*s - 4. Let b = 89 + -95. Determine u(b).
-10
Let c(n) = -n**3 + 3*n**2 - 7*n + 4. Let y(u) = -4*u**2 + 8*u - 5. Suppose 0 = 4*v + 23 - 3. Let d(g) = v*y(g) - 6*c(g). Calculate d(-1).
-5
Let i be (-1)/3 - (-32)/6. Let q(t) = -t + 8. Let b be q(5). Suppose u + i = b*f, -3*u + 5*f + 2 = 5. Let k(h) = h**3 - 3*h**2 - 3*h - 2. What is k(u)?
2
Let n(h) = 3*h**3 + 20*h**2 + 2*h - 23. Let m(o) = -o**3 - 10*o**2 - o + 12. Let l(p) = -5*m(p) - 2*n(p). Give l(10).
-4
Suppose 5*g = -0*g + 3*a - 12, -4*g = 4*a + 16. Suppose 3*i - 1 = 2*i - p, 2 = 2*i - 3*p. Let x(j) = i + j - 5 + j**2 + 3. What is x(g)?
5
Suppose 0 = -5*p + 9 + 6. Let d(s) = -s + s - 2 - 3 + p*s. Determine d(-4).
-17
Let b(d) = -d**3 + d**2 - 2*d - 2. Let z(k) = -1 - k**3 - k**2 - k + 2*k**3 - 2*k**3. Let c be (-2)/(-4) + (-3)/(-6). Let a(r) = c*b(r) - 2*z(r). What is a(-3)?
0
Let t(g) = g**2 - g + 14. Let o = -13 + 13. What is t(o)?
14
Suppose 0*j + 3*c = 4*j + 28, 3*c - 12 = 0. Let q(z) = 2*z**2 + 6*z + 1. What is q(j)?
9
Let l be ((-8)/(-10))/(1/(-5)). Let d(j) = j**3 + 3*j**2 - 5*j - 4. Give d(l).
0
Let y(z) = z**3 - z**2 + 2*z - 3. Let p = -5 - -9. Suppose 0 = -4*q + 2*q. Suppose -p*r + 8 + q = 0. What is y(r)?
5
Let n(w) = w**2 + 6 + 6*w**3 - 3*w**3 - 2*w**3 - 4. Calculate n(0).
2
Let i be (1 + 6/(-2))*(-5)/10. Let y(p) = -16*p**2. What is y(i)?
-16
Let x = -3 - -1. Let o(s) = 0*s**2 - 11*s + 8*s - 3*s**2 - s**3 - 1. Calculate o(x).
1
Let p(i) = i**3 - 6*i**2 + 6*i - 3. Let f be p(5). Suppose -f*t + 0 = -6. Let z(g) = -g**2 - 2*g + 4. Give z(t).
-11
Let i(f) = f**2 + 5*f - 3. Let d(h) = -h - 1. Let p(t) = d(t) + i(t). Let k(o) = o**2 + 5*o - 4. Let s be k(-5). Determine p(s).
-4
Let h(d) = 13*d - 1. Suppose 0*m + 4 = 4*m. Give h(m).
12
Let s(d) = 1 - 7 + 5*d - 8*d. Determine s(-4).
6
Let y(p) = p - 2. Let f be y(5). Let l(s) = 2*s**3 + 2 - 5*s**2 - 3*s**3 + f*s**2. Give l(-2).
2
Let l(p) = -p - 6. Suppose -19 = z + 3*u, -4*z - 3*u = -z + 33. Determine l(z).
1
Let v be ((0 - 3) + 1)*-2. Suppose -f = f - v. Let n(q) = -4 - 2*q + 5*q - f*q. Give n(-4).
-8
Let t(a) = a - 4 - 1 - 4*a. What is t(-4)?
7
Let y be -4 + (4 - (2 - 3)). Let f be 28/16 + 1/4. Let t(v) = -v + v**2 + v**2 + f*v. What is t(y)?
3
Let j(w) = w**2 - 9*w - 23. Let n be j(11). Let m(b) = -15*b - 1. Calculate m(n).
14
Let j(n) be the third derivative of n**7/840 + n**6/360 - n**5/30 + 5*n**3/6 + 2*n**2. Let s(f) be the first derivative of j(f). What is s(-3)?
-6
Let c(h) = -2*h**2 - 4*h + 4. Let a be -2*(-3)/6 - 0. Let u = -3 - a. Calculate c(u).
-12
Let f(y) be the first derivative of y**4/4 + 2*y**3 + y**2 - 7*y + 2. Suppose 3*l + 0*l = -15. Give f(l).
8
Let z(l) = -2*l**2 + 3*l**3 - 2*l**3 + 3*l**2 + 1 - 2*l. What is z(-3)?
-11
Let x(o) = 4 + 18*o**2 + 2*o - 3 - 2 - 19*o**2. What is x(-3)?
-16
Let a = -28 - -24. Let z(p) = 5*p - 2. Let k(c) = -c + 1. Let s(l) = -3. Let x(g) = -6*k(g) - s(g). Let w(d) = a*z(d) + 3*x(d). What is w(3)?
-7
Let c(z) be the third derivative of z**7/420 + z**6/360 + z**5/120 - 5*z**3/6 - 4*z**2. Let p(x) be the first derivative of c(x). Calculate p(-1).
-2
Let y be -4 - (-1 + 2 - 2). Let n(v) be the first derivative of -v - 4 - 1/2*v**2 - 1/3*v**3. What is n(y)?
-7
Let s(i) = -i**3 + 7*i**2 + 7*i + 2. Let w(o) = o**2 + o. Let a(t) = s(t) - 3*w(t). Give a(4).
18
Let m(g) = -2*g - 2 + g**2 - 9 - 5*g. Give m(8).
-3
Let v(x) = 3 - 2 + 4*x**2 - 2*x - x**2. Suppose 4 = 11*t - 7. Determine v(t).
2
Let a = -16 + 40. Suppose 3*s - a = -s. Let j(i) = -i**3 + 5 - 5*i - s*i**2 - 2*i + 2*i. Give j(-5).
5
Let c(x) = -27*x + 9. Let y(r) = 5*r + 1. Let i be y(-3). Let a = 23 + i. Let m(v) = -13*v + 4. Let z(j) = a*m(j) - 4*c(j). What is z(-1)?
9
Let k(o) = 5*o + 2. Suppose 4*c + 18 = -2*c. Calculate k(c).
-13
Let i = 7 + -5. Let y(d) = d + 1. Let z(p) = -p - 1. Let k(u) = -6*u - 6. Let h(r) = -2*k(r) + 11*z(r). Let b(a) = i*h(a) - y(a). Give b(-6).
-5
Let b(a) be the third derivative of a**5/30 + a**4/8 - a**3/2 - 3*a**2. Let d(p) = p**2 - 5*p + 3. Let f be d(3). Determine b(f).
6
Let u(t) = -1 + 6 + 5*t + 0*t. Let o(f) = -f + 1. Let c(h) = -6*o(h) - u(h). Calculate c(0).
-11
Let k(q) be the first derivative of 0 + q**2 + 8*q + 2 - 1. Suppose -3*a - 6 - 12 = -n, 0 = -3*a - 5*n - 18. Determine k(a).
-4
Let n(a) = -a**3 + 6*a**2 - 6*a + 7. Suppose -2*q + 6 = -8. Let i(r) = r**3 - 8*r**2 + 6*r + 4. Let u be i(q). Let b be (u/(-9))/((-1)/(-15)). What is n(b)?
2
Let b(t) = t**3 + t**2 - 3. Suppose 5*l = -0*l. What is b(l)?
-3
Let b(f) = 8*f + 4. Let n be (-4)/6*45/(-6). Let d(v) = -1. Let l(y) = n*d(y) + b(y). Give l(-1).
-9
Suppose 0 = -4*x + 7*x - 15. Let p = 22 - x. Suppose 5*i + 2 = 12, -p = 5*w - i. Let j(b) = b**2 + 6*b + 4. What is j(w)?
-5
Let c(t) = 10*t**3 + 18*t**2 - 16*t - 7. Let q(g) = 7*g**3 + 12*g**2 - 11*g - 5. Let i(v) = -5*c(v) + 7*q(v). What is i(-6)?
-18
Let n(p) = -2*p + 3. Suppose 0*x + 5*x - 20 = 0. Suppose 5*q - 2*s - 1270 = 0, -4*s + x = 24. Let d be 2/11 + q/66. Determine n(d).
-5
Let h(d) = -d**3 + 5*d**2 - 7*d + 4. Let q(v) = 2*v**3 - 10*v**2 + 15*v - 8. Let i(o) = 13*h(o) + 6*q(o). Let f = 10 - 5. Determine i(f).
-1
Let r(u) = 2*u. Let b be r(2). Suppose -i + 4 = 2*c, -i + 5 = 3*c - 1. Let d(z) = -z - z**2 - 3*z + c*z**2. Calculate d(b).
0
Let j(u) = 7*u + 2. Let h(w) = -w. Let v(f) = -6*h(f) - j(f). What is v(6)?
-8
Let f(u) be the first derivative of -u**2 - 4*u - 15. Give f(-5).
6
Let w be 3/(-6 - -3) + 2. Let j(t) = 2*t**2 - 5*t**2 - 3*t - t**3 - w + 2*t**2. Give j(-2).
9
Let k(r) be the first derivative of r**6/120 - r**5/60 - r**4/8 - r**3/2 - r**2 + 6. Let o(g) be the second derivative of k(g). Calculate o(3).
6
Let y(b) = 8*b + 1 + 7*b + 6*b - 22*b. Determine y(5).
-4
Let j(m) = m**2 - 4*m + 1. Let u be j(5). Suppose -4 - u = -5*l. Let v = 1 + l. 